n 439 is divided by 438.
1
What is the remainder when 318 is divided by 21?
3
What is the remainder when 45 is divided by 6?
3
What is the remainder when 16535 is divided by 12?
11
What is the remainder when 121 is divided by 120?
1
What is the remainder when 517 is divided by 82?
25
What is the remainder when 4489 is divided by 70?
9
Calculate the remainder when 4214 is divided by 31.
29
What is the remainder when 942 is divided by 308?
18
Calculate the remainder when 31 is divided by 15.
1
Calculate the remainder when 8871 is divided by 23.
16
Calculate the remainder when 11774 is divided by 64.
62
Calculate the remainder when 2338 is divided by 102.
94
What is the remainder when 570 is divided by 63?
3
What is the remainder when 478 is divided by 37?
34
What is the remainder when 643 is divided by 47?
32
Calculate the remainder when 135 is divided by 37.
24
What is the remainder when 1407 is divided by 5?
2
Calculate the remainder when 1157 is divided by 97.
90
Calculate the remainder when 1351 is divided by 339.
334
What is the remainder when 1079 is divided by 31?
25
What is the remainder when 41 is divided by 23?
18
Calculate the remainder when 117 is divided by 14.
5
What is the remainder when 206 is divided by 23?
22
What is the remainder when 129 is divided by 11?
8
What is the remainder when 751 is divided by 120?
31
Calculate the remainder when 82 is divided by 22.
16
What is the remainder when 336 is divided by 112?
0
What is the remainder when 348 is divided by 16?
12
What is the remainder when 55 is divided by 3?
1
What is the remainder when 46 is divided by 33?
13
What is the remainder when 23517 is divided by 420?
417
What is the remainder when 2274 is divided by 167?
103
Calculate the remainder when 5266 is divided by 17.
13
What is the remainder when 566 is divided by 71?
69
Calculate the remainder when 1245 is divided by 78.
75
Calculate the remainder when 1198 is divided by 6.
4
Calculate the remainder when 128 is divided by 61.
6
What is the remainder when 808 is divided by 15?
13
What is the remainder when 112 is divided by 34?
10
Calculate the remainder when 263 is divided by 33.
32
What is the remainder when 22761 is divided by 198?
189
Calculate the remainder when 23 is divided by 20.
3
What is the remainder when 724 is divided by 14?
10
What is the remainder when 469 is divided by 43?
39
Calculate the remainder when 519 is divided by 107.
91
What is the remainder when 209 is divided by 37?
24
What is the remainder when 34571 is divided by 12?
11
Calculate the remainder when 181 is divided by 72.
37
Calculate the remainder when 119 is divided by 43.
33
What is the remainder when 401 is divided by 30?
11
What is the remainder when 31 is divided by 10?
1
Calculate the remainder when 286 is divided by 57.
1
What is the remainder when 4274 is divided by 19?
18
What is the remainder when 356 is divided by 355?
1
Calculate the remainder when 40 is divided by 15.
10
What is the remainder when 2444 is divided by 57?
50
Calculate the remainder when 16031 is divided by 38.
33
Calculate the remainder when 196 is divided by 31.
10
Calculate the remainder when 295 is divided by 9.
7
What is the remainder when 566 is divided by 116?
102
What is the remainder when 69 is divided by 27?
15
Calculate the remainder when 4704 is divided by 361.
11
Calculate the remainder when 2043 is divided by 128.
123
Calculate the remainder when 115 is divided by 43.
29
Calculate the remainder when 795 is divided by 59.
28
What is the remainder when 69 is divided by 52?
17
Calculate the remainder when 41 is divided by 20.
1
What is the remainder when 494 is divided by 119?
18
Calculate the remainder when 1077 is divided by 14.
13
What is the remainder when 946 is divided by 136?
130
What is the remainder when 37 is divided by 8?
5
What is the remainder when 1098 is divided by 83?
19
What is the remainder when 1961 is divided by 9?
8
Calculate the remainder when 1293 is divided by 349.
246
Calculate the remainder when 316 is divided by 20.
16
Calculate the remainder when 318 is divided by 14.
10
Calculate the remainder when 531 is divided by 31.
4
What is the remainder when 101 is divided by 91?
10
What is the remainder when 1566 is divided by 98?
96
Calculate the remainder when 163 is divided by 11.
9
What is the remainder when 612 is divided by 159?
135
What is the remainder when 2837 is divided by 86?
85
Calculate the remainder when 8092 is divided by 71.
69
Calculate the remainder when 2000 is divided by 48.
32
Calculate the remainder when 1251 is divided by 11.
8
What is the remainder when 508 is divided by 484?
24
Calculate the remainder when 301 is divided by 101.
99
What is the remainder when 443 is divided by 213?
17
Calculate the remainder when 166 is divided by 59.
48
What is the remainder when 265 is divided by 220?
45
Calculate the remainder when 282 is divided by 71.
69
Calculate the remainder when 591 is divided by 66.
63
Calculate the remainder when 294 is divided by 63.
42
Calculate the remainder when 5283 is divided by 876.
27
Calculate the remainder when 1510 is divided by 126.
124
What is the remainder when 145 is divided by 128?
17
Calculate the remainder when 871 is divided by 19.
16
Calculate the remainder when 875 is divided by 41.
14
What is the remainder when 55 is divided by 20?
15
Calculate the remainder when 63 is divided by 11.
8
Calculate the remainder when 194 is divided by 11.
7
Calculate the remainder when 267 is divided by 36.
15
What is the remainder when 80 is divided by 43?
37
What is the remainder when 2226 is divided by 131?
130
What is the remainder when 1310 is divided by 57?
56
What is the remainder when 12403 is divided by 14?
13
Calculate the remainder when 11170 is divided by 49.
47
What is the remainder when 93 is divided by 43?
7
What is the remainder when 120 is divided by 42?
36
What is the remainder when 430 is divided by 16?
14
What is the remainder when 1467 is divided by 245?
242
Calculate the remainder when 1015 is divided by 25.
15
What is the remainder when 193 is divided by 5?
3
Calculate the remainder when 359 is divided by 86.
15
Calculate the remainder when 409 is divided by 70.
59
What is the remainder when 135 is divided by 34?
33
Calculate the remainder when 1189 is divided by 151.
132
Calculate the remainder when 699 is divided by 55.
39
Calculate the remainder when 1806 is divided by 8.
6
What is the remainder when 532 is divided by 110?
92
What is the remainder when 104 is divided by 19?
9
Calculate the remainder when 34 is divided by 7.
6
What is the remainder when 310 is divided by 56?
30
What is the remainder when 1179 is divided by 70?
59
Calculate the remainder when 1151 is divided by 550.
51
What is the remainder when 116 is divided by 28?
4
What is the remainder when 6575 is divided by 8?
7
What is the remainder when 445 is divided by 212?
21
What is the remainder when 2565 is divided by 854?
3
Calculate the remainder when 918 is divided by 132.
126
What is the remainder when 165 is divided by 42?
39
What is the remainder when 2671 is divided by 16?
15
Calculate the remainder when 595 is divided by 15.
10
What is the remainder when 327 is divided by 21?
12
What is the remainder when 5796 is divided by 11?
10
Calculate the remainder when 165 is divided by 24.
21
Calculate the remainder when 662 is divided by 212.
26
What is the remainder when 342 is divided by 22?
12
What is the remainder when 224 is divided by 75?
74
What is the remainder when 14558 is divided by 91?
89
Calculate the remainder when 47 is divided by 3.
2
What is the remainder when 12508 is divided by 18?
16
What is the remainder when 803 is divided by 3?
2
Calculate the remainder when 185 is divided by 17.
15
Calculate the remainder when 596 is divided by 37.
4
Calculate the remainder when 70775 is divided by 9.
8
What is the remainder when 91 is divided by 42?
7
Calculate the remainder when 68 is divided by 21.
5
What is the remainder when 687 is divided by 33?
27
What is the remainder when 487 is divided by 70?
67
Calculate the remainder when 939 is divided by 241.
216
What is the remainder when 1198 is divided by 399?
1
What is the remainder when 590 is divided by 99?
95
Calculate the remainder when 1173 is